is h(75)?
1
Let l(f) = -59*f**2 - 600*f - 156. What is l(-10)?
-56
Let t(j) = -690*j - 17128. What is t(-25)?
122
Let w(x) = 221649*x**2 + 221721*x - 1. Determine w(-1).
-73
Let o(v) = -v**3 - 48*v**2 + 118*v - 460. Give o(-50).
-1360
Let s(d) = -2*d**3 + 77*d**2 - 755*d + 2745. Determine s(26).
15
Let w(g) = -g**3 + 226*g**2 - 12631*g + 748. Calculate w(125).
-2
Let t(y) = 14*y**2 + 7960*y + 1019851. Determine t(-195).
1
Let x(v) = -4*v**3 - 586*v**2 + 294*v - 5. Give x(-147).
-5
Let u(c) = -110082*c + 880673. Determine u(8).
17
Let z(y) = -19*y**2 - 3960*y - 9452. What is z(-206)?
24
Let x(m) = -2*m**2 - 13681*m - 422193. What is x(-31)?
-4
Let t(g) = -429*g - 127118. Calculate t(-296).
-134
Let t(l) = 1217*l - 406439. Calculate t(334).
39
Let m(x) = -4*x**3 - 493*x**2 - 115*x - 293. Calculate m(-123).
-1277
Let i(o) = o**2 + 620864*o + 9. Determine i(0).
9
Let n(o) = 105*o + 3614. What is n(-29)?
569
Let i(u) = -3*u**2 + 661*u - 8655. Determine i(14).
11
Let k(c) = -175*c - 6836. Calculate k(-39).
-11
Let r(j) = -12*j**3 + j**2 - 1963*j + 1962. Give r(1).
-12
Let l(u) = 5*u**2 - 2320*u + 176629. Determine l(368).
-11
Let i(j) = -2*j**3 + 15*j**2 + 582*j - 3033. Give i(5).
2
Let j(k) = -k**3 + 143*k**2 - 1005*k - 10077. Determine j(135).
48
Let l(u) = -2*u**3 - 242*u**2 - 713*u - 489. What is l(-118)?
101
Let f(k) = 27*k + 53. Calculate f(5).
188
Let c(s) = 7663*s - 237391. What is c(31)?
162
Let s(a) = -4*a**2 - 231*a + 770629. What is s(411)?
4
Let x(t) = 3*t**3 - 18*t**2 + 19*t + 27. What is x(10)?
1417
Let i(y) = -447958*y + 40764182. Give i(91).
4
Let j(n) = -4*n**3 + 8*n**2 + 8618*n - 17258. Determine j(2).
-22
Let r(o) = 288*o + 85247. Determine r(-296).
-1
Let o(k) = k**2 + 67059*k - 268241. Calculate o(4).
11
Let a(u) = -u**2 - 4997*u - 4026883. Calculate a(-1010).
-13
Let a(h) = -25644*h - 692392. What is a(-27)?
-4
Let x(m) = 1261*m + 2581. What is x(-2)?
59
Let d(s) = 12*s**2 + 52*s + 596. What is d(-11)?
1476
Let k(p) = -6*p**2 + 159*p + 128. Give k(18).
1046
Let z(q) = 2*q**3 + 55*q**2 + 264*q - 3. Determine z(-6).
-39
Let t(k) = k**3 - 53*k**2 - 245*k + 7413. Calculate t(55).
-12
Let d(g) = 25*g**2 - 29628*g - 446392. Give d(1200).
8
Let d(z) = -2*z**2 - 235*z - 5668. What is d(-79)?
415
Let v(t) = 16*t**2 + 228*t - 2498. Give v(8).
350
Let o(z) = 162*z - 173. What is o(13)?
1933
Let s(g) = -g**3 + 50*g**2 - 41*g - 2239. What is s(48)?
401
Let c(n) = 2776*n + 102680. Give c(-37).
-32
Let r(s) = 203989*s + 1835902. Determine r(-9).
1
Let k(i) = -17*i**2 - 50708*i - 606053. Give k(-12).
-5
Let d(u) = -1595*u**3 - 12759*u**2 + 11*u + 68. What is d(-8)?
44
Let j(a) = -1828*a + 22006. Calculate j(13).
-1758
Let b(p) = p**3 - 29*p**2 + 112*p + 1371. Determine b(14).
-1
Let j(h) = -h**2 + 9813*h - 78425. Calculate j(8).
15
Let j(z) = -2*z**2 - 2821*z - 30807. Calculate j(-11).
-18
Let w(h) = h**3 + 23*h**2 + 948*h + 9798. Determine w(-12).
6
Let q(j) = j**3 - 162*j**2 + 171*j - 27666. What is q(162)?
36
Let d(t) = -2*t**3 - 2*t**2 + 242*t - 537. Give d(9).
21
Let k(p) = 136*p - 16421. Determine k(104).
-2277
Let g(f) = f**3 + 22*f**2 + 70*f + 1239. Give g(-20).
639
Let g(q) = q**3 + 30*q**2 + 130*q - 2064. Calculate g(6).
12
Let n(t) = -44029*t + 308211. Calculate n(7).
8
Let o(t) = -t**3 - 122*t**2 - 461*t - 12948. Determine o(-119).
-572
Let h(i) = i**2 - 46*i - 183. Determine h(32).
-631
Let l(i) = -2*i**2 - 1317*i - 216668. What is l(-338)?
-10
Let g(a) = -a**2 + 2908*a - 366415. Give g(132).
17
Let x(i) = 45*i**2 + 427*i + 1700. What is x(-4)?
712
Let t(z) = -18*z**3 + 10223*z**2 + 565*z + 1704. Determine t(568).
0
Let l(f) = -f**3 + 560*f**2 - 6587*f + 6036. Determine l(548).
8
Let x(y) = -41*y**2 - 376*y - 4. Determine x(-8).
380
Let h(d) = 2*d**3 - 271*d**2 + 2678*d - 551325. Determine h(140).
-5
Let c(z) = -8528*z + 264370. Give c(31).
2
Let i(a) = 9*a**3 - 183*a**2 + 37*a + 20. Determine i(20).
-440
Let z(o) = -o**3 + 2154*o**2 - 92973*o + 280635. What is z(2110)?
5
Let j(i) = 634*i - 174244. Calculate j(275).
106
Let s(g) = -2*g**3 - 56*g**2 - 18*g + 108. Determine s(-28).
612
Let m(a) = -a**3 - 69*a**2 - 217*a + 465. What is m(-66)?
1719
Let k(u) = -u**3 - 31*u**2 - 103*u + 1695. What is k(-13)?
-8
Let t(a) = -a**2 - 219843*a + 21774251. What is t(99)?
-7
Let t(w) = w**3 + 7*w**2 - 284*w - 2452. What is t(-13)?
226
Let s(y) = 28994*y + 405917. Determine s(-14).
1
Let o(i) = -i**3 - 95*i**2 + 326*i + 2823. Give o(-98).
-313
Let p(h) = 21368*h + 1025680. Determine p(-48).
16
Let x(v) = 632*v**2 + 8222*v + 81. Determine x(-13).
3
Let q(v) = -v**3 + 13*v**2 + 25*v + 577. What is q(17)?
-154
Let b(n) = -3*n**3 - 393*n**2 + 799*n + 177. Calculate b(-133).
44
Let v(p) = -p**3 + 7*p**2 + 669*p - 934. Calculate v(29).
-35
Let q(x) = x**3 + 22*x**2 - 443*x - 8645. What is q(-21)?
1099
Let b(p) = 1714*p - 128666. Determine b(75).
-116
Let x(r) = 2*r**3 + 150*r**2 + 303*r + 680. Determine x(-73).
-123
Let r(i) = -7551*i + 8645849. Determine r(1145).
-46
Let i(z) = 485*z**2 - 109608*z - 453. Determine i(226).
-1
Let t(b) = -b**3 - 2*b**2 - 119*b - 933. Calculate t(-9).
705
Let u(c) = -3*c**2 - 457*c + 10478. Calculate u(20).
138
Let p(u) = -u**3 + u**2 + 3855*u - 660. Calculate p(0).
-660
Let m(h) = -19*h**2 - 3905*h + 9790. Calculate m(-208).
14
Let p(s) = 1631*s**2 + 3210*s - 4. Calculate p(-2).
100
Let x(z) = 478*z - 23930. What is x(50)?
-30
Let l(s) = s**3 - 293*s**2 + 16906*s + 6. What is l(214)?
6
Let o(k) = -4*k**2 - 558*k - 15049. Determine o(-36).
-145
Let g(q) = 2*q**2 + 255*q + 5389. Give g(-100).
-111
Let f(n) = -268*n**2 - 2161*n - 91. Determine f(-8).
45
Let a(d) = -361805*d - 6874295. Give a(-19).
0
Let b(z) = z**3 - 78*z**2 - 153*z - 586. Give b(80).
-26
Let q(l) = -27*l**2 - 3113*l + 145. Calculate q(-115).
1065
Let l(p) = -59*p**2 + 485*p + 1122. Calculate l(11).
-682
Let j(y) = 30460*y - 182755. Calculate j(6).
5
Let c(p) = -6*p**2 + 288*p - 880. What is c(3)?
-70
Let i(j) = -18586*j - 408651. What is i(-22)?
241
Let g(q) = -65*q + 813. Calculate g(25).
-812
Let q(w) = 2*w**2 + 938*w - 14525. What is q(15)?
-5
Let s(a) = 221*a + 9602. What is s(-43)?
99
Let r(l) = 156*l + 2325. What is r(-15)?
-15
Let b(h) = h**3 - 3*h**2 - 363*h + 197. What is b(-18)?
-73
Let d(f) = 6*f**3 + 3905*f**2 + 30219*f - 1290. Calculate d(-643).
-4
Let q(z) = 2*z**2 - 380*z - 48024. What is q(276)?
-552
Let g(a) = a**2 + 2893*a - 14488. Give g(5).
2
Let x(b) = b**3 + 2*b**2 + 2062*b + 14673. Determine x(-7).
-6
Let d(s) = 48*s**2 + 2443*s - 388065. Determine d(68).
11
Let j(b) = 128*b - 2180. Give j(11).
-772
Let c(d) = 357976*d - 2505705. Give c(7).
127
Let i(r) = -112244*r + 112182. Determine i(1).
-62
Let d(t) = -t**2 + 334*t - 27893. What is d(155)?
-148
Let m(y) = y**3 + 22*y**2 - 1260*y - 12386. Give m(-9).
7
Let x(r) = 4*r**3 + 363*r**2 - 85*r + 611. Determine x(-91).
65
Let x(i) = 3*i**3 + 464*i**2 + 782*i + 2610. What is x(-153)?
9
Let m(s) = 1202*s - 342560. Determine m(285).
10
Let q(x) = -2*x**3 - 41*x**2 - 2*x + 100. What is q(-17)?
-1889
Let n(d) = -2*d**3 + 215*d**2 - 88*d - 2013. Give n(107).
20
Let n(p) = -113*p**3 - 70*p - 125. What is n(-2)?
919
Let x(f) = -35*f**2 + 16025*f + 2281. Calculate x(458).
-9
Let z(h) = -h**2 - 2092*h + 203208. Determine z(93).
3
Let h(z) = -2*z**3 + 53*z**2 + 3049*z - 93. Determine h(-28).
-9
Let d(n) = -13*n**2 - 440*n + 467. Calculate d(-34).
399
Let p(x) = 2081152*x - 10405767. Give p(5).
-7
Let j(i) = -18126*i - 72583. What is j(-4)?
-79
Let g(w) = -3072*w - 46070. What is g(-15)?
10
Let b(j) = j**2 - 311*j - 23138. Calculate b(-62).
-12
Let t(o) = -3*o**3 - 780*o**2 + 783*o + 116. Calculate t(-261).
116
Let u(w) = 2*w**2 - 143*w + 1708. Give u(48).
-548
Let w(r) = -3*r**2 - 24833*r + 298428. Give w(12).
0
Let y(w) = -387135*w - 1161184. Give y(-3).
221
Let y(v) = -10381*v - 2688662. Give y(-259).
17
Let a(j) = -1526*j**2 - 69*j + 6. Calculate a(1).
-1589
Let j(c) = 2*c**3 + 15*c**2 - 24*c - 11. Determine j(-7).
206
Let o(u) = 1751*u + 224133. What is o(-128)?
5
Let s(g) = g**2 + 166*g + 3187. Determine s(-135).
-998
Let m(p) = 354236*p - 354239. Determine m(1).
-3
Let b(t) = 25205*t + 327687. Calculate b(-13).
22
Let k(d) = 2040689*d - 40813782. Determine k(20).
-2
Let r(x) = -1172